ist the prime factors of p.
2
Let b(n) = 5*n**2 + 4*n + 1. Let t(v) = -v**3 + 4*v**2 - 2*v + 8. Let q be t(4). Suppose -3*k - 9 = -q*k. What are the prime factors of b(k)?
2, 17
What are the prime factors of (286/(-22))/((-1)/((-120)/(-3)))?
2, 5, 13
Suppose 9*a = 4*a - g + 3864, 2 = -2*g. List the prime factors of a.
773
Let j = 223 + -127. List the prime factors of j.
2, 3
Let m = 17 - 17. Suppose 5*p + 2*d = 388, -5*d + 77 = p - 4*d. Suppose m = 3*n - p - 6. List the prime factors of n.
2, 7
Suppose 0 = -5*b + 2*p + 13730, -5*b + 7*p + 13730 = 6*p. What are the prime factors of b?
2, 1373
Let z = -508 + 651. What are the prime factors of z?
11, 13
Let x be (-2)/14*-2 + (-27060)/(-154). Suppose -5*v + 1035 = 5*y, -2*v + y + x = -223. List the prime factors of v.
2, 101
Let w be (-1)/(-9) + (-321)/(-27). Suppose -t - h = -w, h - 66 = -3*t + 4*h. What are the prime factors of t?
17
Let g(r) = r**3 - 2*r - 5. Let l be g(0). What are the prime factors of (-249)/l - 6/(-30)?
2, 5
Suppose -15*r - 9*r = -14640. List the prime factors of r.
2, 5, 61
Suppose 0*m - 3*m = -24. Let a(r) = r**3 - 7*r**2 - 10*r - 6. Let z be a(m). What are the prime factors of 6/33 + (-436)/z?
2, 5
Suppose 33*f - 54600 = -7*f. What are the prime factors of f?
3, 5, 7, 13
Let h = 3 + 0. Suppose -h*y + 15 = -4*n - n, 3*y + n + 3 = 0. Suppose y*f = -3*f + 15. List the prime factors of f.
5
List the prime factors of -47*(-15)/(-20)*-44.
3, 11, 47
Let t(w) = -14*w**3 + 2*w + 1. Let v = -11 - -11. Let q be (0 - -1)/(v - 1). What are the prime factors of t(q)?
13
Let o(n) = -n - 2. Suppose -2*j = -w - 12, -3*w = 2*w - j + 33. Let i be o(w). Suppose d - 240 = -i*d. What are the prime factors of d?
2, 3
Let c(z) = 2*z**3 + 13*z**2 + 3*z - 2. Suppose n + 15 = -2*r, 21 = -3*r - 2*r + 3*n. List the prime factors of c(r).
2
Let g = -14 + 12. List the prime factors of g + (-57)/(-3) + -4.
13
Let b be 4*12/8 - 6/2. Suppose 0*r + 268 = 2*r + 4*q, -b*q = -r + 124. List the prime factors of r.
2, 5, 13
Let a(m) = -2*m + 9. Let r = 10 + -15. Let k be a(r). Let x = k - 9. What are the prime factors of x?
2, 5
Suppose c - 174 = 4*c. Let f be c/5*5*-1. List the prime factors of 3/2*f/3.
29
Suppose -66*p = -64*p - 3550. What are the prime factors of p?
5, 71
Suppose 4284 = -13*c + 25*c. What are the prime factors of c?
3, 7, 17
List the prime factors of (-4 - (-818)/(-4) - 1)*-4.
2, 419
Suppose 0*j = 6*j + 1818. Let d = j + 515. List the prime factors of d.
2, 53
Let r be ((-2)/(-3))/(4/(-12)). Let s = r - 10. List the prime factors of (s/(-3))/((-2)/(-10)).
2, 5
Suppose -5*g = 2*z - 407 - 107, -2*g = -5*z - 194. List the prime factors of g.
2, 3, 17
Let f(m) = -m**3 + 20*m**2 + 15*m + 11. What are the prime factors of f(19)?
3, 73
Suppose -2*r - 354 = 2*r + 2*j, 2*r = 4*j - 162. Let g = -72 - r. List the prime factors of g.
3, 5
Suppose 0 = -2*t - 997 + 55. List the prime factors of (-7)/42 - t/18.
2, 13
Suppose -4*i + 35 = -221. Suppose -3*s = s - i. Suppose s + 1 = h. What are the prime factors of h?
17
Let k(t) = -9*t - 59. What are the prime factors of k(-31)?
2, 5, 11
Let h(s) = 27*s**2 - s - 16. What are the prime factors of h(-4)?
2, 3, 5, 7
Suppose -c - 18 = -17. List the prime factors of (c - -6) + -2 - 4*-23.
5, 19
Let t(s) = s**2 - s - 1. Let d be t(-2). List the prime factors of 68/1 - (-2 + 0 + d).
5, 13
Let w(b) = b**3 + 7*b**2 + 2*b - 1. Suppose -i - 2 = 2. Let f be w(i). Suppose 0*t - f = -3*t. What are the prime factors of t?
13
Suppose -26 = p - 4*q, -5*q - 9 = 4*p - 2*q. Let l(k) = 2*k + 12. Let v be l(p). Suppose v = 3*n - 17 - 34. What are the prime factors of n?
17
Let s(c) = -37 - 13*c - 22 + 17. What are the prime factors of s(-19)?
5, 41
Let d(a) = 21*a + 3. Let y = 50 + -49. What are the prime factors of d(y)?
2, 3
Let n = -937 - -2801. List the prime factors of n.
2, 233
Let p be -3 + -1 - (-8 - 1). Suppose -p*r = -4*z - 36, -3*z = 2*z + 20. Suppose -r*h + 41 = 5. What are the prime factors of h?
3
Let v(h) = -69*h**3 - h**2 - 2*h - 2. Let g be v(-1). Let t = -48 + g. List the prime factors of t.
2, 5
Let q(g) be the second derivative of g**5/20 + 2*g**4/3 + 5*g**3/6 + 3*g**2/2 - 5*g. List the prime factors of q(-7).
17
Let m(l) = -l**3 + 5*l**2 - 12. Let n be m(4). Suppose -n = p - 33. What are the prime factors of p?
29
Let l(o) = 23*o**3 - 2*o + 2. Let c be l(1). Let r = c - 36. List the prime factors of (-4)/((-37)/r - 3).
2, 13
Suppose 1587 = 5*r - 2*q - 632, -2*q + 882 = 2*r. Let l = 684 - r. What are the prime factors of l?
241
Let k be 1/(-1) - (-48 + 5). Let a be (k/(-1))/(-3 + 1). Suppose -77 = -3*b + x, -3*b - a = -4*x - 104. What are the prime factors of b?
5
Let b(i) = -i**3 + 11*i**2 - 20*i - 13. Let o be b(9). Let z = o - -47. List the prime factors of z.
2
Suppose 5*w - 120 = -f, 3*f - 5*w - 412 - 48 = 0. List the prime factors of f.
5, 29
Suppose -2*y + l = -1937, y = 2*y + l - 961. What are the prime factors of y?
2, 3, 7, 23
Suppose 2*o = -o. Suppose -2*d + 2*q - 464 = -6*d, -4*d + q + 464 = o. Let w = d + -83. What are the prime factors of w?
3, 11
Suppose 5*t + 2*m - 13 = 0, -3*m = 3*t - 5*m - 11. Suppose -4*s + 7 = 4*b - 3*b, -b = t*s - 12. Let z = b - -47. What are the prime factors of z?
2, 37
Let m(z) = -2*z**3 - 7*z**2 - 4*z - 1. Let x be m(-3). Suppose -2*k - 276 = -2*j + 52, -x*k - 646 = -4*j. What are the prime factors of j?
3, 53
Suppose -3*x - x + 20 = 0, 2*g = -3*x + 21. Suppose 0 = 2*b - 1 - g, -5*a + 4*b = -212. Let w = -11 + a. List the prime factors of w.
3, 11
Suppose -9*v + 12*v + 15 = 0. Let y(a) = -a**3 - 4*a**2 + 5*a + 5. Let l be y(v). Suppose 5*u = 4*m - 2, l*u + 2*m = -2 + 18. What are the prime factors of u?
2
Let k(h) = h**3 + 10*h**2 - 9*h - 6. Let q be k(-8). Suppose -130 = -3*p + q. Suppose -l = 3*l - p. What are the prime factors of l?
3
Suppose 9*f - 10 = 8. Suppose 4*v + 395 = 5*p + f*v, 4*p = -3*v + 339. List the prime factors of p.
3
Let r = -42 + 21. Let n = 30 + r. List the prime factors of n.
3
Let g(j) = j**3 - 4*j**2 - 3*j - 3. Let i be g(4). Suppose 0 = 3*k - 10*k - 49. Let v = k - i. List the prime factors of v.
2
Suppose 0*u - 10 = -u. Let k = 52 + -37. Suppose -k*v = -u*v - 55. What are the prime factors of v?
11
List the prime factors of 1 + 2 + (-6)/(36/(-2622)).
2, 5, 11
Let c(s) = -18*s + 15. Let t(m) = 91*m - 74. Let y(j) = -11*c(j) - 2*t(j). What are the prime factors of y(8)?
3, 37
Suppose 5*u = 738 + 237. List the prime factors of (-1)/(-3) - u/(-9).
2, 11
Suppose 0 = -3*b - 4*h + 10, b - 1 = h - 0*h. Suppose b*q = -5*j + 706, 2*j - 3*q = -0*q + 290. List the prime factors of j.
2, 71
Let p(q) = q**3 + 4*q**2 - 6*q - 7. Let b be p(-5). List the prime factors of (-156)/b - (3 + -2).
7, 11
Let g(v) = -v - 2. Let t be g(-6). Suppose -t*s - a - 2*a + 287 = 0, 4*a - 20 = 0. What are the prime factors of s?
2, 17
Let v = -92 + 164. Suppose 5*z + v = 6*z. What are the prime factors of z?
2, 3
Let f(i) be the second derivative of 0 + 1/2*i**4 + 1/20*i**5 - 1/2*i**2 - 2*i - 5/3*i**3. List the prime factors of f(-7).
2, 5
Let w be (-36)/(-45)*(-645)/(-2). Suppose 4*x - w = x. Let a = x - 58. List the prime factors of a.
2, 7
Let b(u) = 4*u**2 - 34*u + 128. List the prime factors of b(24).
2, 101
Let u = 139 + 647. List the prime factors of u.
2, 3, 131
Let b(y) = y**3 + 19*y**2 - 19*y + 20. Let j be b(-20). Suppose j*r + r = 2*w + 29, -w = -r + 25. List the prime factors of r.
3, 7
Let k = -111 + 1059. What are the prime factors of k?
2, 3, 79
Suppose 2*s = -3*h + 7444, 7*h + 27*s = 28*s + 17341. List the prime factors of h.
2, 3, 7, 59
Let u be (-2 - -2) + (-4)/(-2). Suppose 0 = u*d - 0*d - 4*y - 186, 0 = 3*d + 4*y - 279. Suppose -4*j + 27 = -d. What are the prime factors of j?
2, 3, 5
Let a = 2 - -7. List the prime factors of a/45 - -1*118/10.
2, 3
Let g(f) = 465*f**2 - f + 3. What are the prime factors of g(1)?
467
Suppose -x = 5*w - 110, -x + 3*w + 104 = 2*w. What are the prime factors of x?
3, 5, 7
List the prime factors of -7*7/(-7) - -250.
257
Let h = -5 - -17. List the prime factors of 2/12 + 706/h.
59
Suppose 12 = -3*m - 0, -3*a + 125 = -2*m. Let y = a + -9. List the prime factors of y.
2, 3, 5
Suppose 4*g - 8*g + 7939 = -3*i, 4*g - 7954 = -2*i. What are the prime factors of g?
1987
Suppose 21